{"id":204,"date":"2017-03-11T11:15:32","date_gmt":"2017-03-11T10:15:32","guid":{"rendered":"http:\/\/bjkult.no\/?page_id=204"},"modified":"2025-03-26T15:11:13","modified_gmt":"2025-03-26T14:11:13","slug":"arsberetninger","status":"publish","type":"page","link":"https:\/\/bjkult.no\/?page_id=204","title":{"rendered":"\u00c5rsberetninger"},"content":{"rendered":"<p>\u00c5rsberetningene gir en god oppsummering av kulturforeningens aktiviteter:<\/p>\n<ul>\n<li><a href=\"http:\/\/bjkult.no\/wp-content\/uploads\/2017\/03\/Arsberetning_2011.pdf\" target=\"_blank\" rel=\"noopener noreferrer\">\u00c5rsberetning 2011 (PDF)<\/a><\/li>\n<li><a href=\"http:\/\/bjkult.no\/wp-content\/uploads\/2017\/03\/Arsberetning_2012.pdf\" target=\"_blank\" rel=\"noopener noreferrer\">\u00c5rsberetning 2012 (PDF)<\/a><\/li>\n<li><a href=\"http:\/\/bjkult.no\/wp-content\/uploads\/2017\/03\/Arsberetning_2013.pdf\" target=\"_blank\" rel=\"noopener noreferrer\">\u00c5rsberetning 2013 (PDF)<\/a><\/li>\n<li><a href=\"http:\/\/bjkult.no\/wp-content\/uploads\/2017\/03\/Arsberetning_2014.pdf\" target=\"_blank\" rel=\"noopener noreferrer\">\u00c5rsberetning 2014 (PDF)<\/a><\/li>\n<li><a href=\"http:\/\/bjkult.no\/wp-content\/uploads\/2017\/03\/Arsberetning_2015.pdf\" target=\"_blank\" rel=\"noopener noreferrer\">\u00c5rsberetning 2015 (PDF)<\/a><\/li>\n<li><a href=\"http:\/\/bjkult.no\/wp-content\/uploads\/2017\/03\/Arsberetning_2016.pdf\" target=\"_blank\" rel=\"noopener noreferrer\">\u00c5rsberetning 2016 (PDF)<\/a><\/li>\n<li><a href=\"http:\/\/bjkult.no\/wp-content\/uploads\/2018\/04\/Arsberetning_2017.pdf\" target=\"_blank\" rel=\"noopener noreferrer\">\u00c5rsberetning 2017 (PDF)<\/a><\/li>\n<li><a href=\"http:\/\/bjkult.no\/wp-content\/uploads\/2019\/02\/Arsberetning_2018_v2.pdf\" target=\"_blank\" rel=\"noopener noreferrer\">\u00c5rsberetning 2018 (PDF)<\/a><\/li>\n<li><a href=\"http:\/\/bjkult.no\/wp-content\/uploads\/2020\/03\/Arsberetning_2019.pdf\" target=\"_blank\" rel=\"noopener noreferrer\">\u00c5rsberetning 2019 (PDF)<\/a><\/li>\n<li><a href=\"https:\/\/bjkult.no\/wp-content\/uploads\/2022\/01\/Arsberetning_2020rev.pdf\" target=\"_blank\" rel=\"noopener\">\u00c5rsberetning 2020 (PDF)<\/a><\/li>\n<li><a href=\"https:\/\/bjkult.no\/wp-content\/uploads\/2022\/01\/Arsberetning_2021.pdf\" target=\"_blank\" rel=\"noopener\">\u00c5rsberetning 2021 (PDF)<\/a><\/li>\n<li><a href=\"https:\/\/bjkult.no\/wp-content\/uploads\/2023\/04\/Arsberetning-2022v2.pdf\" target=\"_blank\" rel=\"noopener\">\u00c5rsberetning 2022 (PDF)<\/a><\/li>\n<li><a href=\"https:\/\/bjkult.no\/wp-content\/uploads\/2025\/03\/Arsberetning_2023.pdf\" target=\"_blank\" rel=\"noopener\">\u00c5rsberetning 2023 (PDF)<\/a><\/li>\n<li><a href=\"https:\/\/bjkult.no\/wp-content\/uploads\/2025\/03\/Arsberetning_2024.pdf\" target=\"_blank\" rel=\"noopener\">\u00c5rsberetning 2024 (PDF)<\/a><\/li>\n<\/ul>\n\n\n<p><\/p>\n","protected":false},"excerpt":{"rendered":"<p>\u00c5rsberetningene gir en god oppsummering av kulturforeningens aktiviteter: \u00c5rsberetning 2011 (PDF) \u00c5rsberetning 2012 (PDF) \u00c5rsberetning 2013 (PDF) \u00c5rsberetning 2014 (PDF) \u00c5rsberetning 2015 (PDF) \u00c5rsberetning 2016 (PDF) \u00c5rsberetning 2017 (PDF) \u00c5rsberetning 2018 (PDF) \u00c5rsberetning 2019 (PDF) \u00c5rsberetning 2020 (PDF) \u00c5rsberetning 2021 &hellip; <a href=\"https:\/\/bjkult.no\/?page_id=204\">Continue reading <span class=\"meta-nav\">&rarr;<\/span><\/a><\/p>\n","protected":false},"author":1,"featured_media":0,"parent":23,"menu_order":3,"comment_status":"closed","ping_status":"closed","template":"","meta":{"footnotes":""},"class_list":["post-204","page","type-page","status-publish","hentry"],"_links":{"self":[{"href":"https:\/\/bjkult.no\/index.php?rest_route=\/wp\/v2\/pages\/204","targetHints":{"allow":["GET"]}}],"collection":[{"href":"https:\/\/bjkult.no\/index.php?rest_route=\/wp\/v2\/pages"}],"about":[{"href":"https:\/\/bjkult.no\/index.php?rest_route=\/wp\/v2\/types\/page"}],"author":[{"embeddable":true,"href":"https:\/\/bjkult.no\/index.php?rest_route=\/wp\/v2\/users\/1"}],"replies":[{"embeddable":true,"href":"https:\/\/bjkult.no\/index.php?rest_route=%2Fwp%2Fv2%2Fcomments&post=204"}],"version-history":[{"count":11,"href":"https:\/\/bjkult.no\/index.php?rest_route=\/wp\/v2\/pages\/204\/revisions"}],"predecessor-version":[{"id":644,"href":"https:\/\/bjkult.no\/index.php?rest_route=\/wp\/v2\/pages\/204\/revisions\/644"}],"up":[{"embeddable":true,"href":"https:\/\/bjkult.no\/index.php?rest_route=\/wp\/v2\/pages\/23"}],"wp:attachment":[{"href":"https:\/\/bjkult.no\/index.php?rest_route=%2Fwp%2Fv2%2Fmedia&parent=204"}],"curies":[{"name":"wp","href":"https:\/\/api.w.org\/{rel}","templated":true}]}}